{"id":157,"date":"2018-05-04T10:45:15","date_gmt":"2018-05-04T10:45:15","guid":{"rendered":"https:\/\/haarwei-land.de\/?page_id=157"},"modified":"2024-07-17T09:15:46","modified_gmt":"2024-07-17T07:15:46","slug":"unsere-dienstleistungen","status":"publish","type":"page","link":"https:\/\/haarwei-land.de\/?page_id=157","title":{"rendered":"Unsere Dienstleistungen"},"content":{"rendered":"\t\t<div data-elementor-type=\"wp-post\" data-elementor-id=\"157\" class=\"elementor elementor-157\">\n\t\t\t\t\t\t<section class=\"elementor-section elementor-top-section elementor-element elementor-element-2fbde07 elementor-section-boxed elementor-section-height-default elementor-section-height-default\" data-id=\"2fbde07\" data-element_type=\"section\" data-e-type=\"section\">\n\t\t\t\t\t\t<div class=\"elementor-container elementor-column-gap-default\">\n\t\t\t\t\t<div class=\"elementor-column elementor-col-100 elementor-top-column elementor-element elementor-element-547d7ea\" data-id=\"547d7ea\" data-element_type=\"column\" data-e-type=\"column\">\n\t\t\t<div class=\"elementor-widget-wrap elementor-element-populated\">\n\t\t\t\t\t\t<div class=\"elementor-element elementor-element-3e39b98 elementor-widget elementor-widget-text-editor\" data-id=\"3e39b98\" data-element_type=\"widget\" data-e-type=\"widget\" data-widget_type=\"text-editor.default\">\n\t\t\t\t<div class=\"elementor-widget-container\">\n\t\t\t\t\t\t\t\t\t<p><span style=\"font-size: medium;\" size=\"3\">M\u00f6chte nicht jeder von uns \u201cperfekte Haare\u201d oder die \u201cperfekte Frisur\u201d besitzen? Ob es der Traum von kr\u00e4ftigen Haar, der lockigen Naturm\u00e4hne oder die seit langem ertr\u00e4umte Haarfarbe ist. So unterschiedlich und individuell jeder von uns ist, so unterschiedlich sind auch unsere Frisurentr\u00e4ume. <\/span><\/p>\n<p><span style=\"font-size: medium;\" size=\"3\">Damit ihre Frisurentr\u00e4ume in Erf\u00fcllung gehen k\u00f6nnen, arbeiten wir nur mit hochwertigen Produkten von Goldwell, Hairdreams und Matrix. Zus\u00e4tzlich haben wir nicht nur extra lange \u00d6ffnungszeiten, sodass jeder die M\u00f6glichkeit hat einen Termin zu buchen, sondern wir haben uns unterschiedlich spezialisiert und weitergebildet, sodass wir Ihnen ein breites Spektrum an Leistungen anbieten k\u00f6nnen, um Ihren Wunsch wahr werden zu lassen.<\/span><\/p>\n<ul>\n<li><span style=\"font-size: medium;\" size=\"3\">Herrenhaarschnitte<\/span><\/li>\n<li><span style=\"font-size: medium;\" size=\"3\">Frauenhaarschnitte<\/span><\/li>\n<li><span style=\"font-size: medium;\" size=\"3\">Kinderhaarschnitte mit unserem Kinder-Cabrio<\/span><\/li>\n<li><span style=\"font-size: medium;\" size=\"3\">Dauerwellen<\/span><\/li>\n<li><span style=\"font-size: medium;\" size=\"3\">Braut- und Hochsteckfrisuren<\/span><\/li>\n<li><span style=\"font-size: medium;\" size=\"3\">Wimpernf\u00e4rben<br><\/span><\/li>\n<li><span style=\"font-size: medium;\" size=\"3\">Pflegeprodukte <\/span><\/li>\n<li><span style=\"font-size: medium;\" size=\"3\">Haarf\u00e4rbungen mit <\/span><span style=\"color: #1155cc;\" color=\"#1155cc\"><span style=\"font-size: medium;\" size=\"3\"><u><a href=\"http:\/\/www.goldwell.de\/produkte\/color\/permanent\/topchic\/\" target=\"_blank\" rel=\"noopener\">Goldwell TOPCHIC<\/a><\/u><\/span><\/span><span style=\"font-size: medium;\" size=\"3\"><\/span>\n<ul>\n<li>\u201c<span style=\"font-size: medium;\" size=\"3\">Topchic garantiert brillante, intensive Farben voller Leuchtkraft &#8211; in allen Dimensionen\u201d<\/span><\/li>\n<li><span style=\"font-size: medium;\" size=\"3\">100% Grauabdeckung<\/span><\/li>\n<li><span style=\"font-size: medium;\" size=\"3\">exzellente gleichm\u00e4\u00dfige Ergebnisse<\/span><\/li>\n<li><span style=\"font-size: medium;\" size=\"3\">lange Haltbarkeit bei gleichzeitiger optimaler Schonung<\/span><\/li>\n<\/ul>\n<\/li>\n<li><span style=\"font-size: medium;\" size=\"3\">Haart\u00f6nungen mit <\/span><span style=\"color: #1155cc;\" color=\"#1155cc\"><span style=\"font-size: medium;\" size=\"3\"><u><a href=\"http:\/\/www.goldwell.de\/produkte\/color\/demisemi-permanent\/colorance\/\" target=\"_blank\" rel=\"noopener\">Goldwell COLORANCE<\/a><\/u><\/span><\/span><span style=\"font-size: medium;\" size=\"3\"><\/span>\n<ul>\n<li><span style=\"font-size: medium;\" size=\"3\">repariert und f\u00e4rbt zugleich<\/span><\/li>\n<li><span style=\"font-size: medium;\" size=\"3\">brillianter Glanz und geschmeidiges Haargef\u00fchl<\/span><\/li>\n<li><span style=\"font-size: medium;\" size=\"3\">au\u00dfergew\u00f6hnliche Schonung durch Color Balancing<\/span><\/li>\n<\/ul>\n<\/li>\n<\/ul>\n<ul>\n<li><span style=\"font-size: medium;\" size=\"3\">exklusive Premium-Haarpflegeprodukte von <\/span><span style=\"color: #1155cc;\" color=\"#1155cc\"><span style=\"font-size: medium;\" size=\"3\"><u><a href=\"http:\/\/www.goldwell.de\/produkte\/care\/kerasilk\/\" target=\"_blank\" rel=\"noopener\">KERASILK<\/a><\/u><\/span><\/span><span style=\"font-size: medium;\" size=\"3\"><\/span>\n<ul>\n<li><span style=\"font-size: medium;\" size=\"3\">bietet hochwertige Inhaltsstoffe<\/span><\/li>\n<li><span style=\"font-size: medium;\" size=\"3\">neueste Goldwell-Forschung f\u00fcr au\u00dfergew\u00f6hnliche und langanhaltende Ergebnisse<\/span><\/li>\n<\/ul>\n<\/li>\n<\/ul>\n<p><span style=\"font-size: medium;\" size=\"3\">Neben den Standardleistungen verwirklichen wir auch besondere W\u00fcnsche und haben unser Angebot seit einiger Zeit mit Goldwell und den Echthaar-Systemen von Hairdreams erweitert.<\/span><\/p>\n<ul>\n<li><span style=\"font-size: medium;\" size=\"3\">Haarf\u00e4rbungen mit <\/span><span style=\"color: #1155cc;\" color=\"#1155cc\"><span style=\"font-size: medium;\" size=\"3\"><u><a href=\"http:\/\/www.goldwell.de\/produkte\/color\/permanent\/elumen\/\" target=\"_blank\" rel=\"noopener\">Goldwell ELUMEN<\/a><\/u><\/span><\/span><span style=\"font-size: medium;\" size=\"3\"><\/span>\n<ul>\n<li><span style=\"font-size: medium;\" size=\"3\">ammoniak-frei und nicht-oxidativ f\u00fcr perfekt geschontes Haar<\/span><\/li>\n<li><span style=\"font-size: medium;\" size=\"3\">\u00fcberzeugend gesund aussehendes Haar<\/span><\/li>\n<li><span style=\"font-size: medium;\" size=\"3\">deutlich mehr Farbintensit\u00e4t und Glanz<\/span><\/li>\n<\/ul>\n<\/li>\n<li><span style=\"font-size: medium;\" size=\"3\">Haarverl\u00e4ngerung mit dem <\/span><span style=\"color: #1155cc;\" color=\"#1155cc\"><span style=\"font-size: medium;\" size=\"3\"><u><a href=\"https:\/\/www.hairdreams.com\/de\/long-haarverlaengerung\/hair-creation-systeme\/neu-laserbeamer-nano\" target=\"_blank\" rel=\"noopener\">Laserbeamer NANO System<\/a><\/u><\/span><\/span><span style=\"font-size: medium;\" size=\"3\"><\/span>\n<ul>\n<li><span style=\"font-size: medium;\" size=\"3\">unsichtbare und unsp\u00fcrbare Haarintegration<\/span><\/li>\n<li><span style=\"font-size: medium;\" size=\"3\">langer und sicherer Halt <\/span><\/li>\n<li><span style=\"font-size: medium;\" size=\"3\">schnelle, pr\u00e4zise und gleichm\u00e4\u00dfige Einarbeitung<\/span><\/li>\n<\/ul>\n<\/li>\n<li><span style=\"font-size: medium;\" size=\"3\">Haarverdichtung mit dem <\/span><span style=\"color: #1155cc;\" color=\"#1155cc\"><span style=\"font-size: medium;\" size=\"3\"><u><a href=\"https:\/\/www.hairdreams.com\/de\/volume-haarverdichtung\/volume-haarverdichtungs-systeme\" target=\"_blank\" rel=\"noopener\"><u>Hairdreams Volume<\/u><\/a><\/u><\/span><\/span><span style=\"color: #1155cc;\" color=\"#1155cc\"><sup><span style=\"font-size: medium;\" size=\"3\"><u><\/u><\/span><\/sup><\/span><span style=\"font-size: medium;\" size=\"3\"><\/span>\n<ul>\n<li><span style=\"font-size: medium;\" size=\"3\">3 individuelle Haarverdichtumgsm\u00f6glichkeiten f\u00fcr eine optimale L\u00f6sung f\u00fcr jedes Haar <\/span><\/li>\n<\/ul>\n<\/li>\n<li><span style=\"font-size: medium;\" size=\"3\">Haarersatz f\u00fcr M\u00e4nner mit <\/span><span style=\"color: #1155cc;\" color=\"#1155cc\"><span style=\"font-size: medium;\" size=\"3\"><u><a href=\"https:\/\/www.hairdreams.com\/de\/volume-haarverdichtung\/folium\" target=\"_blank\" rel=\"noopener\">Hairdreams Folium<\/a><\/u><\/span><\/span><span style=\"font-size: medium;\" size=\"3\"><\/span>\n<ul>\n<li><span style=\"font-size: medium;\" size=\"3\">Anfertigung f\u00fcr jeden Kunden nach Ma\u00df<\/span><\/li>\n<li><span style=\"font-size: medium;\" size=\"3\">individuell am Eigenhaar angepasst<\/span><\/li>\n<li><span style=\"font-size: medium;\" size=\"3\">unterschiedliche Befestigungsm\u00f6glichkeiten<\/span><\/li>\n<\/ul>\n<\/li>\n<\/ul>\t\t\t\t\t\t\t\t<\/div>\n\t\t\t\t<\/div>\n\t\t\t\t\t<\/div>\n\t\t<\/div>\n\t\t\t\t\t<\/div>\n\t\t<\/section>\n\t\t\t\t<\/div>\n\t\t","protected":false},"excerpt":{"rendered":"<p>M\u00f6chte nicht jeder von uns \u201cperfekte Haare\u201d oder die \u201cperfekte Frisur\u201d besitzen? Ob es der Traum von kr\u00e4ftigen Haar, der lockigen Naturm\u00e4hne oder die seit langem ertr\u00e4umte Haarfarbe ist. So unterschiedlich und individuell jeder von uns ist, so unterschiedlich sind auch unsere Frisurentr\u00e4ume. Damit ihre Frisurentr\u00e4ume in Erf\u00fcllung gehen k\u00f6nnen, [&hellip;]<\/p>\n","protected":false},"author":1,"featured_media":0,"parent":0,"menu_order":0,"comment_status":"closed","ping_status":"closed","template":"","meta":{"footnotes":""},"class_list":["post-157","page","type-page","status-publish","hentry"],"_links":{"self":[{"href":"https:\/\/haarwei-land.de\/index.php?rest_route=\/wp\/v2\/pages\/157","targetHints":{"allow":["GET"]}}],"collection":[{"href":"https:\/\/haarwei-land.de\/index.php?rest_route=\/wp\/v2\/pages"}],"about":[{"href":"https:\/\/haarwei-land.de\/index.php?rest_route=\/wp\/v2\/types\/page"}],"author":[{"embeddable":true,"href":"https:\/\/haarwei-land.de\/index.php?rest_route=\/wp\/v2\/users\/1"}],"replies":[{"embeddable":true,"href":"https:\/\/haarwei-land.de\/index.php?rest_route=%2Fwp%2Fv2%2Fcomments&post=157"}],"version-history":[{"count":3,"href":"https:\/\/haarwei-land.de\/index.php?rest_route=\/wp\/v2\/pages\/157\/revisions"}],"predecessor-version":[{"id":36813,"href":"https:\/\/haarwei-land.de\/index.php?rest_route=\/wp\/v2\/pages\/157\/revisions\/36813"}],"wp:attachment":[{"href":"https:\/\/haarwei-land.de\/index.php?rest_route=%2Fwp%2Fv2%2Fmedia&parent=157"}],"curies":[{"name":"wp","href":"https:\/\/api.w.org\/{rel}","templated":true}]}}