{"id":169,"date":"2018-05-04T12:30:40","date_gmt":"2018-05-04T12:30:40","guid":{"rendered":"https:\/\/haarwei-land.de\/?page_id=169"},"modified":"2018-05-06T04:13:29","modified_gmt":"2018-05-06T04:13:29","slug":"anfahrt","status":"publish","type":"page","link":"https:\/\/haarwei-land.de\/?page_id=169","title":{"rendered":"Anfahrt"},"content":{"rendered":"\t\t<div data-elementor-type=\"wp-post\" data-elementor-id=\"169\" class=\"elementor elementor-169 elementor-bc-flex-widget\">\n\t\t\t\t\t\t<section class=\"elementor-section elementor-top-section elementor-element elementor-element-e4b7d02 elementor-section-boxed elementor-section-height-default elementor-section-height-default\" data-id=\"e4b7d02\" data-element_type=\"section\" data-e-type=\"section\">\n\t\t\t\t\t\t<div class=\"elementor-container elementor-column-gap-default\">\n\t\t\t\t\t<div class=\"elementor-column elementor-col-100 elementor-top-column elementor-element elementor-element-9bf61e2\" data-id=\"9bf61e2\" data-element_type=\"column\" data-e-type=\"column\">\n\t\t\t<div class=\"elementor-widget-wrap elementor-element-populated\">\n\t\t\t\t\t\t<div class=\"elementor-element elementor-element-e46f441 elementor-widget elementor-widget-image\" data-id=\"e46f441\" data-element_type=\"widget\" data-e-type=\"widget\" data-widget_type=\"image.default\">\n\t\t\t\t<div class=\"elementor-widget-container\">\n\t\t\t\t\t\t\t\t\t\t\t\t\t\t\t\t<a href=\"https:\/\/www.google.de\/maps\/place\/Haarwei-Land\/@52.3870395,13.0696845,15z\/data=!4m5!3m4!1s0x0:0xc836548d89e9ae05!8m2!3d52.3870395!4d13.0696845\" target=\"_blank\">\n\t\t\t\t\t\t\t<img fetchpriority=\"high\" decoding=\"async\" width=\"750\" height=\"348\" src=\"https:\/\/haarwei-land.de\/wp-content\/uploads\/2018\/05\/Google-Bild.jpg\" class=\"attachment-large size-large wp-image-176\" alt=\"\" srcset=\"https:\/\/haarwei-land.de\/wp-content\/uploads\/2018\/05\/Google-Bild.jpg 848w, https:\/\/haarwei-land.de\/wp-content\/uploads\/2018\/05\/Google-Bild-300x139.jpg 300w, https:\/\/haarwei-land.de\/wp-content\/uploads\/2018\/05\/Google-Bild-768x357.jpg 768w\" sizes=\"(max-width: 750px) 100vw, 750px\" \/>\t\t\t\t\t\t\t\t<\/a>\n\t\t\t\t\t\t\t\t\t\t\t\t\t\t\t<\/div>\n\t\t\t\t<\/div>\n\t\t\t\t\t<\/div>\n\t\t<\/div>\n\t\t\t\t\t<\/div>\n\t\t<\/section>\n\t\t\t\t<section class=\"elementor-section elementor-top-section elementor-element elementor-element-7d9c7eb elementor-section-boxed elementor-section-height-default elementor-section-height-default\" data-id=\"7d9c7eb\" data-element_type=\"section\" data-e-type=\"section\">\n\t\t\t\t\t\t<div class=\"elementor-container elementor-column-gap-default\">\n\t\t\t\t\t<div class=\"elementor-column elementor-col-100 elementor-top-column elementor-element elementor-element-841d8fd\" data-id=\"841d8fd\" data-element_type=\"column\" data-e-type=\"column\">\n\t\t\t<div class=\"elementor-widget-wrap elementor-element-populated\">\n\t\t\t\t\t\t<div class=\"elementor-element elementor-element-2d9ba1a elementor-widget elementor-widget-text-editor\" data-id=\"2d9ba1a\" data-element_type=\"widget\" data-e-type=\"widget\" data-widget_type=\"text-editor.default\">\n\t\t\t\t<div class=\"elementor-widget-container\">\n\t\t\t\t\t\t\t\t\t<p><span style=\"color: #ff8300;\"><strong>Anfahrtsbeschreibung:<\/strong><\/span><\/p><p><span style=\"color: #ff8300;\">\u00d6ffentliche Verkehrmittel<\/span><\/p><div>Stra\u00dfenbahnhaltestelle &#8222;<span style=\"text-decoration: underline;\">Postdam-Friedh\u00f6fe<\/span>&#8222;<\/div><div>(Tram-Linie:91|92|93|96|98|99)<\/div><div>Von der Haltestelle sind es ca. 2 Minuten Fu\u00dfweg zu unserem\u00a0 Salon in Richtung Hauptbahnhof.<\/div><div><\/div><div>Haltestelle &#8222;<span style=\"text-decoration: underline;\">Potsdam-Hauptbahnhof<\/span>&#8222;<\/div><p>(Tram-Linie:91|92|93|96|98|99 &#8211; Bus-Linie: 601|580|604|605|606|607|608|614|631|695|X1).<\/p><p><span style=\"color: #ff8300;\">Zu Fu\u00df<\/span><\/p><div>Vom Hauptbahnhof laufen Sie in Richtung Westen (Friedrich-Engels-Str.). Von da aus gelangen auf die Heirich-Mann-Allee und nach ca. 6 Minuten Fu\u00dfweg finden Sie uns auf der rechten Seite. Der Salon befindet sich direkt neben dem Kursana Domizil mit der Hausnummer 23.<\/div><p><\/p><p><span style=\"color: #ff8300;\">Anfahrt mit dem Auto<\/span><\/p><p>Aus Richtung der Innenstadt biegen Sie rechts aus die Heinrich-Mann-Allee\/L78 ab und folgen dem Stra\u00dfenverlauf bis zur Hausnummer 23. Parkpl\u00e4tze finden Sie geb\u00fchrenfrei vor unserem Salon.<\/p><p><\/p><p><\/p>\t\t\t\t\t\t\t\t<\/div>\n\t\t\t\t<\/div>\n\t\t\t\t\t<\/div>\n\t\t<\/div>\n\t\t\t\t\t<\/div>\n\t\t<\/section>\n\t\t\t\t<\/div>\n\t\t","protected":false},"excerpt":{"rendered":"<p>Anfahrtsbeschreibung: \u00d6ffentliche Verkehrmittel Stra\u00dfenbahnhaltestelle &#8222;Postdam-Friedh\u00f6fe&#8220;(Tram-Linie:91|92|93|96|98|99)Von der Haltestelle sind es ca. 2 Minuten Fu\u00dfweg zu unserem\u00a0 Salon in Richtung Hauptbahnhof.Haltestelle &#8222;Potsdam-Hauptbahnhof&#8220; (Tram-Linie:91|92|93|96|98|99 &#8211; Bus-Linie: 601|580|604|605|606|607|608|614|631|695|X1). Zu Fu\u00df Vom Hauptbahnhof laufen Sie in Richtung Westen (Friedrich-Engels-Str.). Von da aus gelangen auf die Heirich-Mann-Allee und nach ca. 6 Minuten Fu\u00dfweg finden Sie uns [&hellip;]<\/p>\n","protected":false},"author":1,"featured_media":0,"parent":0,"menu_order":0,"comment_status":"closed","ping_status":"closed","template":"","meta":{"footnotes":""},"class_list":["post-169","page","type-page","status-publish","hentry"],"_links":{"self":[{"href":"https:\/\/haarwei-land.de\/index.php?rest_route=\/wp\/v2\/pages\/169","targetHints":{"allow":["GET"]}}],"collection":[{"href":"https:\/\/haarwei-land.de\/index.php?rest_route=\/wp\/v2\/pages"}],"about":[{"href":"https:\/\/haarwei-land.de\/index.php?rest_route=\/wp\/v2\/types\/page"}],"author":[{"embeddable":true,"href":"https:\/\/haarwei-land.de\/index.php?rest_route=\/wp\/v2\/users\/1"}],"replies":[{"embeddable":true,"href":"https:\/\/haarwei-land.de\/index.php?rest_route=%2Fwp%2Fv2%2Fcomments&post=169"}],"version-history":[{"count":0,"href":"https:\/\/haarwei-land.de\/index.php?rest_route=\/wp\/v2\/pages\/169\/revisions"}],"wp:attachment":[{"href":"https:\/\/haarwei-land.de\/index.php?rest_route=%2Fwp%2Fv2%2Fmedia&parent=169"}],"curies":[{"name":"wp","href":"https:\/\/api.w.org\/{rel}","templated":true}]}}